14.
6
Calculate the greatest common factor of 12 and 3474.
6
What is the greatest common divisor of 5 and 354?
1
Calculate the greatest common factor of 68 and 2584.
68
Calculate the highest common divisor of 221 and 1209.
13
Calculate the greatest common divisor of 602 and 688.
86
What is the greatest common divisor of 42 and 1074?
6
What is the highest common divisor of 255 and 120?
15
What is the highest common factor of 184 and 96?
8
What is the greatest common factor of 10 and 2410?
10
Calculate the highest common divisor of 7794 and 90.
18
Calculate the greatest common factor of 22 and 54.
2
What is the greatest common factor of 13 and 3497?
13
What is the greatest common factor of 762 and 15621?
381
What is the greatest common factor of 401 and 1?
1
Calculate the highest common factor of 5300 and 200.
100
Calculate the greatest common factor of 399 and 168.
21
Calculate the greatest common divisor of 990 and 19470.
330
What is the greatest common factor of 1885 and 17719?
377
What is the greatest common factor of 16 and 1936?
16
Calculate the highest common factor of 27 and 12.
3
What is the greatest common factor of 86 and 817?
43
What is the greatest common factor of 1115 and 5?
5
Calculate the greatest common divisor of 62 and 1116.
62
What is the highest common divisor of 408 and 444?
12
What is the greatest common factor of 140 and 56?
28
What is the highest common factor of 436 and 4?
4
What is the highest common divisor of 12 and 3804?
12
Calculate the greatest common divisor of 6016 and 47.
47
Calculate the greatest common factor of 66 and 143.
11
What is the highest common divisor of 910 and 385?
35
What is the greatest common divisor of 3030 and 220?
10
Calculate the greatest common factor of 836 and 380.
76
Calculate the highest common factor of 9620 and 1628.
148
What is the greatest common divisor of 125 and 250?
125
What is the highest common divisor of 40 and 2560?
40
What is the greatest common factor of 416 and 13?
13
What is the greatest common divisor of 1207 and 17?
17
Calculate the greatest common factor of 26 and 195.
13
Calculate the greatest common factor of 649 and 944.
59
What is the highest common factor of 16 and 128?
16
Calculate the greatest common factor of 152 and 1159.
19
What is the highest common factor of 205 and 130?
5
Calculate the highest common factor of 25896 and 26.
26
Calculate the highest common factor of 43 and 1.
1
What is the greatest common divisor of 1908 and 2067?
159
Calculate the highest common factor of 109 and 4.
1
What is the highest common divisor of 40 and 340?
20
Calculate the greatest common divisor of 885 and 150.
15
Calculate the highest common factor of 63 and 882.
63
Calculate the highest common divisor of 1586 and 26.
26
What is the highest common divisor of 36 and 162?
18
What is the highest common factor of 152 and 1140?
76
Calculate the highest common factor of 52 and 468.
52
Calculate the highest common factor of 8 and 232.
8
Calculate the highest common divisor of 2880 and 780.
60
What is the greatest common divisor of 2299 and 38?
19
Calculate the greatest common divisor of 126 and 266.
14
What is the greatest common divisor of 57 and 1824?
57
Calculate the greatest common factor of 178 and 801.
89
Calculate the greatest common divisor of 119 and 51.
17
Calculate the highest common divisor of 1000 and 2360.
40
Calculate the greatest common factor of 12 and 74.
2
What is the highest common factor of 164 and 9512?
164
What is the greatest common factor of 34 and 493?
17
What is the greatest common factor of 6096 and 6?
6
Calculate the greatest common factor of 544 and 476.
68
Calculate the greatest common divisor of 160 and 55.
5
Calculate the highest common factor of 36 and 84.
12
Calculate the highest common divisor of 153 and 986.
17
Calculate the greatest common divisor of 56 and 3736.
8
What is the highest common divisor of 1819 and 535?
107
Calculate the greatest common divisor of 25 and 610.
5
Calculate the highest common divisor of 19 and 323.
19
Calculate the greatest common factor of 10 and 230.
10
Calculate the highest common factor of 25 and 1775.
25
Calculate the greatest common factor of 31 and 279.
31
What is the highest common factor of 572 and 26?
26
What is the greatest common divisor of 189 and 36?
9
Calculate the greatest common divisor of 4 and 758.
2
What is the greatest common divisor of 576 and 3?
3
Calculate the highest common factor of 41 and 656.
41
Calculate the highest common factor of 396 and 414.
18
Calculate the greatest common factor of 540 and 405.
135
Calculate the greatest common factor of 170 and 8330.
170
Calculate the highest common factor of 374 and 102.
34
What is the greatest common divisor of 255 and 663?
51
Calculate the greatest common divisor of 15952 and 16.
16
Calculate the highest common factor of 204 and 1326.
102
Calculate the highest common divisor of 10 and 10330.
10
What is the highest common factor of 2025 and 585?
45
Calculate the highest common factor of 1053 and 4329.
117
What is the greatest common divisor of 7728 and 48?
48
Calculate the greatest common divisor of 290 and 232.
58
What is the greatest common factor of 150 and 175?
25
Calculate the greatest common divisor of 98 and 70.
14
Calculate the highest common factor of 375 and 2775.
75
Calculate the greatest common divisor of 42 and 1022.
14
Calculate the greatest common factor of 155 and 217.
31
Calculate the highest common factor of 15 and 885.
15
Calculate the greatest common divisor of 13500 and 108.
108
What is the greatest common factor of 55 and 10?
5
Calculate the highest common factor of 1026 and 18.
18
Calculate the highest common factor of 3893 and 68.
17
Calculate the greatest common factor of 213 and 1207.
71
What is the highest common factor of 686 and 14?
14
Calculate the highest common divisor of 76 and 44.
4
Calculate the greatest common factor of 231 and 308.
77
What is the greatest common factor of 828 and 1152?
36
What is the greatest common divisor of 614 and 2?
2
What is the highest common factor of 2 and 106?
2
What is the greatest common factor of 10 and 58?
2
What is the greatest common divisor of 147 and 3?
3
Calculate the highest common divisor of 48 and 19056.
48
Calculate the highest common divisor of 324 and 81.
81
What is the greatest common factor of 580 and 40?
20
Calculate the highest common divisor of 128 and 288.
32
What is the highest common divisor of 26 and 13?
13
Calculate the greatest common factor of 26 and 46.
2
Calculate the greatest common divisor of 54 and 450.
18
What is the highest common factor of 1896 and 48?
24
Calculate the greatest common factor of 600 and 30.
30
What is the highest common factor of 2835 and 70?
35
What is the highest common divisor of 12230 and 20?
10
Calculate the greatest common divisor of 52 and 4.
4
What is the greatest common divisor of 3263 and 13?
13
What is the highest common factor of 7 and 14?
7
Calculate the greatest common divisor of 63 and 231.
21
What is the highest common factor of 521 and 47932?
521
What is the highest common factor of 432 and 1392?
48
What is the highest common factor of 12720 and 96?
48
What is the highest common factor of 52 and 130?
26
Calculate the highest common factor of 6375 and 500.
125
What is the highest common factor of 53 and 2491?
53
What is the highest common divisor of 38 and 134?
2
Calculate the greatest common divisor of 33 and 627.
33
Calculate the greatest common factor of 527 and 34.
17
Calculate the highest common divisor of 7270 and 10.
10
Calculate the highest common divisor of 253 and 11.
11
Calculate the greatest common divisor of 435 and 522.
87
What is the highest common factor of 54 and 8559?
27
Calculate the highest common factor of 49 and 35.
7
What is the greatest common factor of 522 and 54?
18
Calculate the highest common divisor of 30 and 5170.
10
Calculate the highest common divisor of 5687 and 110.
11
What is the highest common factor of 1044 and 36?
36
Calculate the greatest common factor of 180 and 1130.
10
Calculate the greatest common factor of 44 and 44.
44
What is the greatest common divisor of 3204 and 12?
12
Calculate the highest common factor of 81 and 27.
27
Calculate the greatest common divisor of 492